 is the greatest common factor of 1176275 and 2150?
25
Calculate the greatest common divisor of 4188753598 and 5854.
5854
Calculate the greatest common factor of 5164459 and 911.
911
Calculate the highest common divisor of 7607992 and 1162.
14
Calculate the greatest common factor of 152274189 and 11058.
5529
What is the highest common divisor of 24009037 and 1963?
13
What is the highest common factor of 30378420 and 72?
36
Calculate the greatest common factor of 716711772 and 255.
51
What is the highest common factor of 14395655 and 95?
5
Calculate the highest common factor of 244851 and 23205.
51
What is the highest common divisor of 32 and 72750296?
8
What is the greatest common factor of 416632 and 2812?
76
What is the highest common factor of 840 and 2552520?
120
Calculate the greatest common divisor of 16567559 and 402.
67
What is the greatest common divisor of 184978091 and 5091?
1697
Calculate the greatest common divisor of 120703467 and 77270.
7727
Calculate the highest common factor of 1331 and 14021843.
121
Calculate the greatest common factor of 76606110 and 3770.
290
Calculate the greatest common divisor of 18252 and 1791322.
26
What is the highest common divisor of 684 and 901698732?
684
What is the greatest common divisor of 61350289 and 637?
91
Calculate the highest common factor of 126 and 2774464.
14
What is the highest common factor of 7 and 256291049?
7
Calculate the greatest common factor of 6287575 and 14880.
155
Calculate the greatest common factor of 3180910 and 3310.
3310
Calculate the highest common divisor of 8845 and 4379.
29
What is the highest common factor of 61354686 and 228?
114
What is the greatest common factor of 5121680 and 137240?
2920
Calculate the highest common factor of 165 and 72300756.
33
What is the highest common divisor of 70504 and 494592?
56
What is the greatest common divisor of 38 and 834436319?
19
What is the greatest common factor of 68744 and 388492?
52
Calculate the highest common factor of 3772 and 791660.
92
What is the greatest common divisor of 230 and 5165800?
230
Calculate the greatest common divisor of 148 and 3939324.
4
Calculate the highest common factor of 41160 and 2522765.
1715
Calculate the highest common factor of 18 and 28833813.
9
What is the highest common factor of 101125448 and 19?
19
What is the greatest common factor of 16312353 and 766?
383
Calculate the highest common divisor of 116048 and 39568.
16
What is the greatest common divisor of 2148177 and 23?
23
What is the highest common divisor of 92616 and 15317052?
2724
What is the highest common factor of 9234 and 657474651?
4617
What is the greatest common divisor of 150 and 27367950?
150
Calculate the greatest common divisor of 21920463 and 24786.
1377
Calculate the highest common divisor of 20453251 and 65.
13
What is the greatest common factor of 601940024 and 14?
14
What is the greatest common divisor of 2474655 and 877440?
6855
Calculate the highest common factor of 781588 and 1628.
148
Calculate the highest common divisor of 933622 and 8086.
622
Calculate the highest common divisor of 52 and 4105426.
26
Calculate the highest common factor of 77290544 and 96.
16
Calculate the highest common factor of 13331461 and 104.
13
Calculate the highest common factor of 12661 and 47607662.
1151
Calculate the greatest common divisor of 3398070 and 106.
2
What is the highest common factor of 930 and 112758315?
465
What is the greatest common factor of 1452370 and 488270?
3110
Calculate the greatest common factor of 2173833519 and 47.
47
What is the highest common factor of 2895028 and 91612?
148
What is the greatest common divisor of 194 and 15947673?
97
Calculate the highest common divisor of 3448755 and 3375.
45
What is the highest common divisor of 837 and 337464729?
279
Calculate the highest common factor of 81 and 34181163.
27
Calculate the greatest common factor of 3038 and 11080888.
434
What is the highest common divisor of 4392 and 1503864?
72
Calculate the greatest common factor of 897 and 1321787.
23
Calculate the highest common divisor of 49053134 and 130.
26
What is the highest common divisor of 8833 and 92929?
73
What is the highest common factor of 29260 and 6935005?
385
What is the greatest common factor of 2349 and 1871892261?
2349
What is the highest common divisor of 735 and 5039209?
49
What is the greatest common divisor of 22518447 and 1169?
1169
What is the highest common divisor of 7748 and 671164?
52
Calculate the greatest common factor of 756338932 and 4812.
1604
What is the greatest common factor of 21115677 and 1749?
1749
What is the greatest common divisor of 239910 and 2546610?
330
What is the highest common factor of 2 and 104837626?
2
Calculate the greatest common factor of 108 and 5801382.
54
Calculate the greatest common divisor of 3628 and 7434679.
907
What is the highest common factor of 224 and 786233?
7
What is the highest common factor of 250064395 and 90545?
6965
What is the greatest common factor of 38118590 and 3910?
3910
What is the greatest common divisor of 96 and 94356552?
24
What is the greatest common factor of 1713064 and 120?
8
What is the greatest common divisor of 210 and 243915?
105
Calculate the highest common factor of 1127 and 18547039.
1127
Calculate the highest common divisor of 825206460 and 120.
60
What is the greatest common divisor of 609 and 22076621?
7
What is the highest common divisor of 1921 and 3977600?
113
Calculate the highest common factor of 1839829 and 9637.
419
Calculate the greatest common divisor of 48 and 24341076.
12
Calculate the highest common divisor of 460085 and 16530.
2755
What is the highest common divisor of 1977950 and 58225?
425
What is the highest common divisor of 72390 and 12939?
57
Calculate the greatest common factor of 150349 and 1247717.
599
Calculate the highest common divisor of 23088109 and 88.
11
What is the greatest common factor of 769 and 52628053?
769
Calculate the highest common divisor of 313619 and 59.
1
What is the greatest common factor of 19596 and 4815504?
852
What is the highest common factor of 34020 and 469980?
1260
Calculate the greatest common divisor of 273 and 61191.
39
What is the highest common divisor of 162313338 and 66?
66
Calculate the highest common divisor of 158503086 and 54.
18
Calculate the greatest common factor of 1496 and 58961661.
187
What is the greatest common divisor of 8463959 and 3488?
109
Calculate the greatest common divisor of 102237 and 139761.
159
What is the highest common divisor of 1926355 and 136?
17
Calculate the greatest common factor of 32864337 and 87.
87
Calculate the highest common divisor of 320 and 18813824.
64
Calculate the greatest common divisor of 14652 and 137874.
66
Calculate the greatest common factor of 2150982 and 223992.
3294
What is the highest common divisor of 6329576 and 1408?
88
Calculate the greatest common divisor of 17225 and 2547233.
689
Calculate the greatest common factor of 5435 and 26048868.
1087
Calculate the highest common factor of 72750 and 33853.
97
What is the highest common divisor of 309 and 3296103?
309
What is the greatest common factor of 2957049 and 22752?
711
What is the greatest common divisor of 165980 and 8627100?
3860
Calculate the highest common divisor of 265538963 and 17.
17
What is the highest common divisor of 7620786 and 21888?
342
What is the greatest common factor of 1141 and 16897884?
163
What is the greatest common factor of 18635340 and 173505?
645
Calculate the highest common factor of 1864 and 107984.
8
Calculate the highest common divisor of 24808 and 131292.
28
What is the greatest common divisor of 172 and 103238227?
43
What is the greatest common factor of 3493 and 39683?
7
What is the highest common divisor of 3 and 901281?
3
Calculate the highest common factor of 120000472 and 2368.
296
Calculate the highest common divisor of 7518 and 196812.
42
Calculate the highest common divisor of 89016392 and 568.
568
What is the greatest common divisor of 1280 and 32604736?
64
Calculate the greatest common divisor of 6751 and 33186817.
157
Calculate the highest common divisor of 20317040 and 40.
40
What is the greatest common factor of 41869 and 2758577?
281
Calculate the highest common divisor of 358955 and 4040509.
697
Wha